3
Suppose -5*g + 18 = 3. Suppose 0 = -g*s - 7*s + 920. What is the units digit of s?
2
Let d(s) be the third derivative of 7*s**5/60 - s**4/4 + s**3 + 17*s**2. What is the hundreds digit of d(-5)?
2
Suppose -40 = -11*l + l. Suppose -10*w + 728 = l*w. What is the units digit of w?
2
Let o = 30 - 32. What is the units digit of (o/5)/(2/(-145))?
9
Let a(q) = -2*q**3 - 2*q**2 + 3*q + 2. Let n be a(-2). Suppose 4*i - 8*i = -3*c + 81, 0 = n*c + i - 89. What is the tens digit of c?
2
Let k(i) = -10*i**3 + i**2 - 6*i - 42. Let p(x) = 3*x**3 + 2*x + 14. Let v(n) = 3*k(n) + 8*p(n). What is the tens digit of v(-3)?
8
Suppose -51*w - 16390 = -62*w. What is the hundreds digit of w?
4
What is the tens digit of 4*1 + (-3)/(-12)*7160?
9
Let r be (-128)/(-12) + 4/(-6). Let p = r - -6. What is the tens digit of p?
1
Let l = 341 + 663. What is the tens digit of l?
0
Suppose 9 = s - z + 3*z, 5*z - 24 = -3*s. Suppose 3*b = m - 0*m + 331, -2*b - s*m = -228. What is the units digit of b?
1
Suppose -2*a - 6 = -54. Let f(y) = 83*y - 80. Let z be f(1). Suppose 0 = -z*p + p + a. What is the tens digit of p?
1
What is the tens digit of 59481/36*12/9?
0
Let n(q) = q**3 - 13*q**2 - 3*q + 12. Let w be n(9). Let o = w + 572. What is the units digit of o?
3
Let i(f) = 11*f + 3. Let z be i(3). Suppose 2*s = 4*s - z. What is the units digit of s?
8
Let t(d) = 153*d**2 + 9*d - 7. What is the units digit of t(-3)?
3
Let v = -16 - -15. Let r(g) = -22*g. Let d(o) = o + 1. Let h(l) = -d(l) + r(l). What is the units digit of h(v)?
2
Suppose 4*l = 5*h + 106 - 33, -3*h = 15. Suppose -2*s = s - l. What is the units digit of 245/14*s/5?
4
Let v(p) be the second derivative of 13*p**3/6 - 5*p**2/2 - 9*p. What is the tens digit of v(8)?
9
Let r = -93 + 7. What is the tens digit of (r/(-6))/((-10)/(-30))?
4
Let k(o) = 118*o. What is the units digit of k(18)?
4
Let q be 2/3*189/18. Let c(s) = 3 + 0 + q*s**2 + 0*s**2 - 4. What is the units digit of c(1)?
6
Let q = 28 - 25. Suppose -q*r = 4*s - 753, -s - 3*r = 4*s - 945. What is the hundreds digit of s?
1
Let p(f) = -f**2 - 17*f - 14. Let l(v) = -2*v**3 + 15*v**2 + 6*v + 6. Let k be l(8). What is the units digit of p(k)?
6
Suppose 47*b + 3*b = 196150. What is the tens digit of b?
2
Suppose 0 = -g - 2*g - 174. Let t = 127 + g. What is the units digit of t?
9
Let a = -59 + 29. What is the tens digit of (-170)/a*(4 + -1)?
1
Suppose -12*j + 14*j - 474 = 0. What is the tens digit of j?
3
Let m = 233 + -156. Suppose -4*h + m = 21. Let t(n) = -n**2 + 16*n - 4. What is the units digit of t(h)?
4
Suppose -2*v - 3*n - 5 = 10, 0 = -v + 3*n + 15. Suppose -96 = 3*k - 7*k. Suppose v = 5*c - 2*c - k. What is the units digit of c?
8
Suppose 0 = 4*k - 54 + 210. Let p = k + 57. What is the tens digit of p?
1
What is the tens digit of (47348/(-23))/(-7) + (-4)/46?
9
Let k(g) = -19*g**3 - g**2. Let c be k(1). Suppose 32 = 4*j + 4*q + 8, q + 15 = 2*j. What is the tens digit of (j/2)/((-2)/c)?
3
Let u = 100 + -25. Suppose -u = -6*i + i. What is the tens digit of i?
1
Let z = 358 + 141. What is the tens digit of z?
9
Let g(a) = -a**2 - 46*a - 14. What is the units digit of g(-36)?
6
What is the thousands digit of (-2 - (3 + -83))*1222/78?
1
Suppose -t - 15 = -4*t. Let z(s) = 10*s + 6. Let h be z(t). Suppose 0 = 5*u - u - h. What is the tens digit of u?
1
Let d(n) = n + 21. Let b be d(-6). Suppose -11*q = -b*q + 72. What is the units digit of q?
8
Let w be (252/8 + 3)*2. Suppose -w = -4*t - 9. Let a = t - 14. What is the units digit of a?
1
Suppose 18*s + 35904 = 34*s. What is the hundreds digit of s?
2
Let u(h) = 17*h**3 - 2*h**2 + 2*h - 1. Let m = -25 - -26. Let l be u(m). Suppose 18*f + l = 20*f. What is the units digit of f?
8
Let o(d) be the second derivative of 5*d**3/3 - 9*d**2/2 + 9*d. Suppose g - 3*g + 8 = 0. What is the units digit of o(g)?
1
Let d be 1/(-4)*2*12. Let g = 1 - 3. What is the units digit of (-1)/((g - d)/(-116))?
9
Let o be (-2)/(-3*(-4)/12). Let p be (22/(-3))/(o/12). Suppose 0 = 5*z - 5*u - 120, -4*z + 3*u + p = -51. What is the tens digit of z?
2
Let l = 533 - 510. Let u = 1 + 3. Suppose p - l = -0*p - u*i, 1 = 2*p - i. What is the units digit of p?
3
Let a(p) be the third derivative of -p**6/20 + p**4/24 + p**3/6 - p**2. Let q = 97 - 98. What is the units digit of a(q)?
6
Let q(o) = 2*o**2 + 21*o - 30. What is the units digit of q(24)?
6
Suppose -5*j - 176 = -4*m, -62 = -2*m + j - 5*j. Let l = 67 + m. What is the units digit of l?
6
Suppose d = 6 - 5. Let t = -15 + 15. Suppose t = 5*w + d - 6. What is the units digit of w?
1
Let y(b) = 66*b**2 - 9*b - 21. What is the hundreds digit of y(6)?
3
Let w be (-69)/(-1) - (-2 - -3). Suppose 36 = d - 3*x - x, 0 = -3*d + 2*x + w. Let z = -11 + d. What is the units digit of z?
9
Let t = 309 + -274. What is the units digit of t?
5
Suppose 17 = g - 9. Let j = 128 - g. What is the hundreds digit of j?
1
What is the units digit of (-21)/(-49) + (-2125)/(-7)?
4
Suppose 29*u - 2605 = 24*u. What is the tens digit of u?
2
Suppose 4*p - 94 = 3*i, -p - 114 + 10 = 3*i. Let v = 6 - i. What is the tens digit of v?
4
Let j(x) = -x + 3. Let i be j(1). What is the units digit of 61 + 3*i/(-2)?
8
Let v = 3503 + -2492. What is the units digit of v?
1
Let h = -59 + 62. Suppose -4*s - 148 = -b, 289 = h*b - 4*s - 195. What is the hundreds digit of b?
1
Suppose -25*a = -26*a + 4, -5*y = -3*a - 933. What is the tens digit of y?
8
Suppose -32*p = -27*p - 290. Suppose -7*c - p = -1206. What is the tens digit of c?
6
Suppose -5*a - 25 = 0, -2*y - 8075 = -7*y - 4*a. What is the hundreds digit of y?
6
Suppose 11*t + 3*x = 6*t + 369, -4*t + 2*x + 304 = 0. Suppose 0 = -70*i + t*i - 720. What is the units digit of i?
4
Let a = 128 + -127. What is the units digit of ((-2)/2 + 2)*a?
1
Let f = -393 - -1874. What is the tens digit of f?
8
Let o(d) = 203*d + 333. What is the thousands digit of o(6)?
1
Let m = -6 + 9. What is the units digit of 384/m + -1 + 0?
7
Suppose -3*j = -t - 35, -j - 21 = t - 6. Let y = -16 - t. Suppose -3*n = -y*c + 74, 4*c + 0*n - 82 = -n. What is the units digit of c?
0
Let m(x) = -103*x + 5. What is the hundreds digit of m(-4)?
4
Suppose -20*i = -13499 + 1279. What is the tens digit of i?
1
What is the units digit of -7 + ((-27144)/(-4))/(39/26)?
7
Let w be 2 - (-4 - (-18)/1). Let r(j) = j**3 + 12*j**2 - 5*j - 6. What is the tens digit of r(w)?
5
Let w(s) = s**3 + 7*s**2 + 4*s - 10. Let j(k) = k**2 + 6*k. Suppose -4*v - 8 = 12. Let a be j(v). What is the units digit of w(a)?
0
Suppose 0 = -8*m + 12*m - 324. Let a = m + -57. What is the tens digit of a?
2
Let t = -101 - -507. What is the hundreds digit of t?
4
Let p(x) = -x**2 + 13*x + 48. Let f be p(16). Suppose -2*v + 2*r = -f*v - 498, 5*r = 0. What is the hundreds digit of v?
2
Let q(o) = -o**2 - 9*o + 17. Let p be q(-11). Let f be (-6)/(p - -4 - 0). What is the units digit of ((-12)/(-18))/(f/81)?
9
Suppose -13*m - q - 4337 = -15*m, 0 = -2*q - 6. What is the tens digit of m?
6
Suppose -4*r = -7*r - 45. Let n = r - -32. Suppose 2*f = -7*x + 2*x + 26, 0 = f - 5*x + n. What is the units digit of f?
3
Let h(q) = -34*q - 110. What is the tens digit of h(-12)?
9
Let v(p) = 37*p**3 + 10*p**2 - 2*p - 7. What is the thousands digit of v(3)?
1
Suppose -3*x - 60 = -0*s - 3*s, -4*s + 45 = 3*x. Suppose 0 = -3*c - 6, 0*c = 3*j - 3*c - s. What is the units digit of (-4)/(-12)*j + 4?
5
What is the units digit of 1137 - ((-39)/(-15) + 24/60)?
4
Let s(z) = 16*z - 37. What is the tens digit of s(16)?
1
What is the units digit of (5 - -237 - 5)*1?
7
Let g(c) = -c**3 + 5*c**2 - 5*c + 2. Let f be g(4). Let q be (-376)/(-12) - f/(-6). Let r = q - 2. What is the tens digit of r?
2
Suppose 16 - 106 = -5*f + 4*s, 60 = 5*f + 2*s. Let o be 4 + 2 + -3 - -2. Suppose l + j - 4*j = f, 3*j - 124 = -o*l. What is the tens digit of l?
2
What is the hundreds digit of 39515/21 + (-20)/(-15)?
8
What is the units digit of -4 + 39/6*(52 + -6)?
5
Let u = 1228 + -838. What is the units digit of u?
0
Suppose 2*k - 4*l = -8, 2*l = 4*k - 4 - 4. What is the tens digit of ((-24)/k)/(-3) + 1 + 91?
9
Let x(k) = -k + 6. Let m be x(9). Let y be 8/m*210/(-8). Suppose -y = -4*z - z. What is the tens digit of z?
1
Suppose 0 = 29*d - 18*d - 8888. What is the tens digit of d?
0
Let d(q) = -q**2 - 10*q - 1. 